{"id":13,"date":"2026-01-04T14:15:45","date_gmt":"2026-01-04T14:15:45","guid":{"rendered":"https:\/\/realflex.com.br\/sitenovo\/?page_id=13"},"modified":"2026-03-19T18:51:55","modified_gmt":"2026-03-19T18:51:55","slug":"politica-de-qualidade","status":"publish","type":"page","link":"https:\/\/realflex.com.br\/sitenovo\/politica-de-qualidade\/","title":{"rendered":"Pol\u00edtica de Qualidade"},"content":{"rendered":"\t\t<div data-elementor-type=\"wp-page\" data-elementor-id=\"13\" class=\"elementor elementor-13\" data-elementor-post-type=\"page\">\n\t\t\t\t<div class=\"elementor-element elementor-element-6f8596c3 e-flex e-con-boxed e-con e-parent\" data-id=\"6f8596c3\" data-element_type=\"container\">\n\t\t\t\t\t<div class=\"e-con-inner\">\n\t\t\t\t<div class=\"elementor-element elementor-element-bf335ac elementor-widget elementor-widget-text-editor\" data-id=\"bf335ac\" data-element_type=\"widget\" data-widget_type=\"text-editor.default\">\n\t\t\t\t<div class=\"elementor-widget-container\">\n\t\t\t\t\t\t\t\t\t\n<h2 class=\"wp-block-heading\"><span style=\"color: #000000;\">Pol\u00edtica de Qualidade<\/span><\/h2>\n\n<p>A Realflex busca ser a melhor provedora de solu\u00e7\u00f5es no segmento de produtos de borracha, atrav\u00e9s do cont\u00ednuo melhoramento:<br \/><br \/>\u2022 Da efic\u00e1cia do Sistema de Gest\u00e3o da Qualidade;<br \/>\u2022 Da qualidade dos Produtos e Processos;<br \/>\u2022 Da satisfa\u00e7\u00e3o dos Clientes e Partes Interessadas;<br \/>\u2022 Do desempenho dos Fornecedores;<br \/>\u2022 Da capacita\u00e7\u00e3o dos Colaboradores.<\/p>\n\t\t\t\t\t\t\t\t<\/div>\n\t\t\t\t<\/div>\n\t\t\t\t\t<\/div>\n\t\t\t\t<\/div>\n\t\t<div class=\"elementor-element elementor-element-abf2682 e-flex e-con-boxed e-con e-parent\" data-id=\"abf2682\" data-element_type=\"container\">\n\t\t\t\t\t<div class=\"e-con-inner\">\n\t\t\t\t<div class=\"elementor-element elementor-element-4c17ea9 elementor-widget elementor-widget-text-editor\" data-id=\"4c17ea9\" data-element_type=\"widget\" data-widget_type=\"text-editor.default\">\n\t\t\t\t<div class=\"elementor-widget-container\">\n\t\t\t\t\t\t\t\t\t\n<h2 class=\"wp-block-heading\"><span style=\"color: #000000;\">Certificado e Normas Atendidas<\/span><\/h2>\n\t\t\t\t\t\t\t\t<\/div>\n\t\t\t\t<\/div>\n\t\t\t\t\t<\/div>\n\t\t\t\t<\/div>\n\t\t<div class=\"elementor-element elementor-element-216b298 e-grid e-con-boxed e-con e-parent\" data-id=\"216b298\" data-element_type=\"container\">\n\t\t\t\t\t<div class=\"e-con-inner\">\n\t\t\t\t<div class=\"elementor-element elementor-element-6715441 elementor-widget elementor-widget-image\" data-id=\"6715441\" data-element_type=\"widget\" data-widget_type=\"image.default\">\n\t\t\t\t<div class=\"elementor-widget-container\">\n\t\t\t\t\t\t\t\t\t\t\t\t\t\t\t<img fetchpriority=\"high\" decoding=\"async\" width=\"724\" height=\"1024\" src=\"data:image\/svg+xml,%3Csvg%20xmlns%3D&#39;http%3A%2F%2Fwww.w3.org%2F2000%2Fsvg&#39;%20width=&#39;724&#39;%20height=&#39;1024&#39;%20viewBox%3D&#39;0%200%20724%201024&#39;%2F%3E\" data-czlz data-src=\"https:\/\/realflex.com.br\/sitenovo\/wp-content\/uploads\/2026\/03\/iso-9001-2015.jpg\" class=\"attachment-large size-large wp-image-4065\" alt=\"\" data-srcset=\"https:\/\/realflex.com.br\/sitenovo\/wp-content\/uploads\/2026\/03\/iso-9001-2015.jpg 724w, https:\/\/realflex.com.br\/sitenovo\/wp-content\/uploads\/2026\/03\/iso-9001-2015-212x300.jpg 212w, https:\/\/realflex.com.br\/sitenovo\/wp-content\/uploads\/2026\/03\/iso-9001-2015-600x849.jpg 600w\" data-sizes=\"(max-width: 724px) 100vw, 724px\" \/>\t\t\t\t\t\t\t\t\t\t\t\t\t\t\t<\/div>\n\t\t\t\t<\/div>\n\t\t\t\t<div class=\"elementor-element elementor-element-f3b96a3 elementor-widget elementor-widget-image\" data-id=\"f3b96a3\" data-element_type=\"widget\" data-widget_type=\"image.default\">\n\t\t\t\t<div class=\"elementor-widget-container\">\n\t\t\t\t\t\t\t\t\t\t\t\t\t\t\t<img decoding=\"async\" width=\"724\" height=\"1024\" src=\"data:image\/svg+xml,%3Csvg%20xmlns%3D&#39;http%3A%2F%2Fwww.w3.org%2F2000%2Fsvg&#39;%20width=&#39;724&#39;%20height=&#39;1024&#39;%20viewBox%3D&#39;0%200%20724%201024&#39;%2F%3E\" data-czlz data-src=\"https:\/\/realflex.com.br\/sitenovo\/wp-content\/uploads\/2026\/03\/iso-9001-2015-1.jpg\" class=\"attachment-large size-large wp-image-4066\" alt=\"\" data-srcset=\"https:\/\/realflex.com.br\/sitenovo\/wp-content\/uploads\/2026\/03\/iso-9001-2015-1.jpg 724w, https:\/\/realflex.com.br\/sitenovo\/wp-content\/uploads\/2026\/03\/iso-9001-2015-1-212x300.jpg 212w, https:\/\/realflex.com.br\/sitenovo\/wp-content\/uploads\/2026\/03\/iso-9001-2015-1-600x849.jpg 600w\" data-sizes=\"(max-width: 724px) 100vw, 724px\" \/>\t\t\t\t\t\t\t\t\t\t\t\t\t\t\t<\/div>\n\t\t\t\t<\/div>\n\t\t\t\t<div class=\"elementor-element elementor-element-c0f38ee elementor-widget elementor-widget-image\" data-id=\"c0f38ee\" data-element_type=\"widget\" data-widget_type=\"image.default\">\n\t\t\t\t<div class=\"elementor-widget-container\">\n\t\t\t\t\t\t\t\t\t\t\t\t\t\t\t<img decoding=\"async\" width=\"724\" height=\"1024\" src=\"data:image\/svg+xml,%3Csvg%20xmlns%3D&#39;http%3A%2F%2Fwww.w3.org%2F2000%2Fsvg&#39;%20width=&#39;724&#39;%20height=&#39;1024&#39;%20viewBox%3D&#39;0%200%20724%201024&#39;%2F%3E\" data-czlz data-src=\"https:\/\/realflex.com.br\/sitenovo\/wp-content\/uploads\/2026\/03\/iso-9001-2015-2.jpg\" class=\"attachment-large size-large wp-image-4067\" alt=\"\" data-srcset=\"https:\/\/realflex.com.br\/sitenovo\/wp-content\/uploads\/2026\/03\/iso-9001-2015-2.jpg 724w, https:\/\/realflex.com.br\/sitenovo\/wp-content\/uploads\/2026\/03\/iso-9001-2015-2-212x300.jpg 212w, https:\/\/realflex.com.br\/sitenovo\/wp-content\/uploads\/2026\/03\/iso-9001-2015-2-600x849.jpg 600w\" data-sizes=\"(max-width: 724px) 100vw, 724px\" \/>\t\t\t\t\t\t\t\t\t\t\t\t\t\t\t<\/div>\n\t\t\t\t<\/div>\n\t\t\t\t\t<\/div>\n\t\t\t\t<\/div>\n\t\t\t\t<section class=\"elementor-section elementor-top-section elementor-element elementor-element-5ed01bfd elementor-section-stretched elementor-section-boxed elementor-section-height-default elementor-section-height-default\" data-id=\"5ed01bfd\" data-element_type=\"section\" data-settings=\"{&quot;stretch_section&quot;:&quot;section-stretched&quot;,&quot;background_background&quot;:&quot;classic&quot;}\">\n\t\t\t\t\t\t<div class=\"elementor-container elementor-column-gap-default\">\n\t\t\t\t\t<div class=\"elementor-column elementor-col-100 elementor-top-column elementor-element elementor-element-73a2de59\" data-id=\"73a2de59\" data-element_type=\"column\">\n\t\t\t<div class=\"elementor-widget-wrap elementor-element-populated\">\n\t\t\t\t\t\t<div class=\"elementor-element elementor-element-62ad5e3c elementor-widget elementor-widget-cz_gallery\" data-id=\"62ad5e3c\" data-element_type=\"widget\" data-widget_type=\"cz_gallery.default\">\n\t\t\t\t<div class=\"elementor-widget-container\">\n\t\t\t\t\t<div class=\"slick no_arrows no_dots overflow_visible\" data-slick='{\"selector\":\"\",\"slidesToShow\":5,\"slidesToScroll\":1,\"rows\":1,\"fade\":false,\"vertical\":false,\"verticalSwiping\":false,\"infinite\":true,\"speed\":1000,\"swipeToSlide\":true,\"centerMode\":false,\"centerPadding\":{\"unit\":\"px\",\"size\":10,\"sizes\":[]},\"variableWidth\":false,\"autoplay\":true,\"autoplaySpeed\":3000,\"dots\":true,\"counts\":false,\"adaptiveHeight\":false,\"responsive\":[{\"breakpoint\":769,\"settings\":{\"slidesToShow\":3,\"slidesToScroll\":1,\"infinite\":true,\"touchMove\":true}},{\"breakpoint\":481,\"settings\":{\"slidesToShow\":1,\"slidesToScroll\":1,\"infinite\":true,\"touchMove\":true}}]}' data-slick-prev=\"\" data-slick-next=\"\"><div class=\"cz_grid_p\"><div class=\"cz_grid cz_grid_1 clr cz_grid_carousel cz_grid_1_no_hover cz_grid_disable_links\"><div class=\"cz_grid_item cz_grid_first\"><\/div><div class=\"cz_grid_item \"><div><a class=\"cz_grid_link \" aria-lable=\"Image: cert8\" href=\"https:\/\/realflex.com.br\/sitenovo\/wp-content\/uploads\/2026\/01\/cert8.jpg\" data-xtra-lightbox><img loading=\"lazy\" decoding=\"async\" width=\"262\" height=\"133\" src=\"data:image\/svg+xml,%3Csvg%20xmlns%3D&#39;http%3A%2F%2Fwww.w3.org%2F2000%2Fsvg&#39;%20width=&#39;262&#39;%20height=&#39;133&#39;%20viewBox%3D&#39;0%200%20262%20133&#39;%2F%3E\" data-czlz data-src=\"https:\/\/realflex.com.br\/sitenovo\/wp-content\/uploads\/2026\/01\/cert8.jpg\" class=\"attachment-codevz_600_600 size-codevz_600_600 wp-image-4053\" alt=\"\" \/><div class=\"cz_grid_details\"><\/div><\/a><\/div><\/div><div class=\"cz_grid_item \"><div><a class=\"cz_grid_link \" aria-lable=\"Image: cert7\" href=\"https:\/\/realflex.com.br\/sitenovo\/wp-content\/uploads\/2026\/01\/cert7.jpg\" data-xtra-lightbox><img loading=\"lazy\" decoding=\"async\" width=\"262\" height=\"133\" src=\"data:image\/svg+xml,%3Csvg%20xmlns%3D&#39;http%3A%2F%2Fwww.w3.org%2F2000%2Fsvg&#39;%20width=&#39;262&#39;%20height=&#39;133&#39;%20viewBox%3D&#39;0%200%20262%20133&#39;%2F%3E\" data-czlz data-src=\"https:\/\/realflex.com.br\/sitenovo\/wp-content\/uploads\/2026\/01\/cert7.jpg\" class=\"attachment-codevz_600_600 size-codevz_600_600 wp-image-4054\" alt=\"\" \/><div class=\"cz_grid_details\"><\/div><\/a><\/div><\/div><div class=\"cz_grid_item \"><div><a class=\"cz_grid_link \" aria-lable=\"Image: cert6\" href=\"https:\/\/realflex.com.br\/sitenovo\/wp-content\/uploads\/2026\/01\/cert6.jpg\" data-xtra-lightbox><img loading=\"lazy\" decoding=\"async\" width=\"262\" height=\"133\" src=\"data:image\/svg+xml,%3Csvg%20xmlns%3D&#39;http%3A%2F%2Fwww.w3.org%2F2000%2Fsvg&#39;%20width=&#39;262&#39;%20height=&#39;133&#39;%20viewBox%3D&#39;0%200%20262%20133&#39;%2F%3E\" data-czlz data-src=\"https:\/\/realflex.com.br\/sitenovo\/wp-content\/uploads\/2026\/01\/cert6.jpg\" class=\"attachment-codevz_600_600 size-codevz_600_600 wp-image-4055\" alt=\"\" \/><div class=\"cz_grid_details\"><\/div><\/a><\/div><\/div><div class=\"cz_grid_item \"><div><a class=\"cz_grid_link \" aria-lable=\"Image: cert5\" href=\"https:\/\/realflex.com.br\/sitenovo\/wp-content\/uploads\/2026\/01\/cert5.jpg\" data-xtra-lightbox><img loading=\"lazy\" decoding=\"async\" width=\"262\" height=\"133\" src=\"data:image\/svg+xml,%3Csvg%20xmlns%3D&#39;http%3A%2F%2Fwww.w3.org%2F2000%2Fsvg&#39;%20width=&#39;262&#39;%20height=&#39;133&#39;%20viewBox%3D&#39;0%200%20262%20133&#39;%2F%3E\" data-czlz data-src=\"https:\/\/realflex.com.br\/sitenovo\/wp-content\/uploads\/2026\/01\/cert5.jpg\" class=\"attachment-codevz_600_600 size-codevz_600_600 wp-image-4056\" alt=\"\" \/><div class=\"cz_grid_details\"><\/div><\/a><\/div><\/div><div class=\"cz_grid_item \"><div><a class=\"cz_grid_link \" aria-lable=\"Image: cert4\" href=\"https:\/\/realflex.com.br\/sitenovo\/wp-content\/uploads\/2026\/01\/cert4.jpg\" data-xtra-lightbox><img loading=\"lazy\" decoding=\"async\" width=\"262\" height=\"133\" src=\"data:image\/svg+xml,%3Csvg%20xmlns%3D&#39;http%3A%2F%2Fwww.w3.org%2F2000%2Fsvg&#39;%20width=&#39;262&#39;%20height=&#39;133&#39;%20viewBox%3D&#39;0%200%20262%20133&#39;%2F%3E\" data-czlz data-src=\"https:\/\/realflex.com.br\/sitenovo\/wp-content\/uploads\/2026\/01\/cert4.jpg\" class=\"attachment-codevz_600_600 size-codevz_600_600 wp-image-4057\" alt=\"\" \/><div class=\"cz_grid_details\"><\/div><\/a><\/div><\/div><div class=\"cz_grid_item \"><div><a class=\"cz_grid_link \" aria-lable=\"Image: cert3\" href=\"https:\/\/realflex.com.br\/sitenovo\/wp-content\/uploads\/2026\/01\/cert3.jpg\" data-xtra-lightbox><img loading=\"lazy\" decoding=\"async\" width=\"262\" height=\"133\" src=\"data:image\/svg+xml,%3Csvg%20xmlns%3D&#39;http%3A%2F%2Fwww.w3.org%2F2000%2Fsvg&#39;%20width=&#39;262&#39;%20height=&#39;133&#39;%20viewBox%3D&#39;0%200%20262%20133&#39;%2F%3E\" data-czlz data-src=\"https:\/\/realflex.com.br\/sitenovo\/wp-content\/uploads\/2026\/01\/cert3.jpg\" class=\"attachment-codevz_600_600 size-codevz_600_600 wp-image-4058\" alt=\"\" \/><div class=\"cz_grid_details\"><\/div><\/a><\/div><\/div><div class=\"cz_grid_item \"><div><a class=\"cz_grid_link \" aria-lable=\"Image: cert2\" href=\"https:\/\/realflex.com.br\/sitenovo\/wp-content\/uploads\/2026\/01\/cert2.jpg\" data-xtra-lightbox><img loading=\"lazy\" decoding=\"async\" width=\"262\" height=\"133\" src=\"data:image\/svg+xml,%3Csvg%20xmlns%3D&#39;http%3A%2F%2Fwww.w3.org%2F2000%2Fsvg&#39;%20width=&#39;262&#39;%20height=&#39;133&#39;%20viewBox%3D&#39;0%200%20262%20133&#39;%2F%3E\" data-czlz data-src=\"https:\/\/realflex.com.br\/sitenovo\/wp-content\/uploads\/2026\/01\/cert2.jpg\" class=\"attachment-codevz_600_600 size-codevz_600_600 wp-image-4059\" alt=\"\" \/><div class=\"cz_grid_details\"><\/div><\/a><\/div><\/div><div class=\"cz_grid_item \"><div><a class=\"cz_grid_link \" aria-lable=\"Image: cert1\" href=\"https:\/\/realflex.com.br\/sitenovo\/wp-content\/uploads\/2026\/01\/cert1.jpg\" data-xtra-lightbox><img loading=\"lazy\" decoding=\"async\" width=\"262\" height=\"133\" src=\"data:image\/svg+xml,%3Csvg%20xmlns%3D&#39;http%3A%2F%2Fwww.w3.org%2F2000%2Fsvg&#39;%20width=&#39;262&#39;%20height=&#39;133&#39;%20viewBox%3D&#39;0%200%20262%20133&#39;%2F%3E\" data-czlz data-src=\"https:\/\/realflex.com.br\/sitenovo\/wp-content\/uploads\/2026\/01\/cert1.jpg\" class=\"attachment-codevz_600_600 size-codevz_600_600 wp-image-4060\" alt=\"\" \/><div class=\"cz_grid_details\"><\/div><\/a><\/div><\/div><\/div><\/div><\/div>\t\t\t\t<\/div>\n\t\t\t\t<\/div>\n\t\t\t\t\t<\/div>\n\t\t<\/div>\n\t\t\t\t\t<\/div>\n\t\t<\/section>\n\t\t\t\t<\/div>\n\t\t","protected":false},"excerpt":{"rendered":"<p>Pol\u00edtica de Qualidade A Realflex busca ser a melhor provedora de &#8230; <\/p>\n","protected":false},"author":1,"featured_media":0,"parent":0,"menu_order":0,"comment_status":"closed","ping_status":"closed","template":"","meta":{"pagelayer_contact_templates":[],"_pagelayer_content":"","footnotes":""},"class_list":["post-13","page","type-page","status-publish","hentry"],"_links":{"self":[{"href":"https:\/\/realflex.com.br\/sitenovo\/wp-json\/wp\/v2\/pages\/13","targetHints":{"allow":["GET"]}}],"collection":[{"href":"https:\/\/realflex.com.br\/sitenovo\/wp-json\/wp\/v2\/pages"}],"about":[{"href":"https:\/\/realflex.com.br\/sitenovo\/wp-json\/wp\/v2\/types\/page"}],"author":[{"embeddable":true,"href":"https:\/\/realflex.com.br\/sitenovo\/wp-json\/wp\/v2\/users\/1"}],"replies":[{"embeddable":true,"href":"https:\/\/realflex.com.br\/sitenovo\/wp-json\/wp\/v2\/comments?post=13"}],"version-history":[{"count":11,"href":"https:\/\/realflex.com.br\/sitenovo\/wp-json\/wp\/v2\/pages\/13\/revisions"}],"predecessor-version":[{"id":4070,"href":"https:\/\/realflex.com.br\/sitenovo\/wp-json\/wp\/v2\/pages\/13\/revisions\/4070"}],"wp:attachment":[{"href":"https:\/\/realflex.com.br\/sitenovo\/wp-json\/wp\/v2\/media?parent=13"}],"curies":[{"name":"wp","href":"https:\/\/api.w.org\/{rel}","templated":true}]}}