{"id":3423,"date":"2025-04-23T19:04:50","date_gmt":"2025-04-23T19:04:50","guid":{"rendered":"https:\/\/realflex.com.br\/sitenovo\/?post_type=product&#038;p=3423"},"modified":"2026-01-04T13:24:49","modified_gmt":"2026-01-04T13:24:49","slug":"defensa-portuaria","status":"publish","type":"product","link":"https:\/\/realflex.com.br\/sitenovo\/produto\/defensa-portuaria\/","title":{"rendered":"Defensa Portu\u00e1ria"},"content":{"rendered":"<p>Produto indicado para garantir n\u00e3o s\u00f3 a seguran\u00e7a dos navios que atracam nos portos, como das pr\u00f3prias estruturas portu\u00e1rias, uma vez que permitem que a grande energia com que os navios se deslocam e fazem o processo de acostagem, seja quase totalmente dissipada. Podem ser aplicados em em portos, marinas, instala\u00e7\u00f5es privadas, militares e comerciais, tanto mar\u00edtimas, fluviais ou lacustres.<\/p>\n<ul>\n<li>Tubo Interno: tubo de borracha sint\u00e9tica resistente a \u00f3leo, abras\u00e3o, oz\u00f4nio e intemp\u00e9ries.<\/li>\n<li>Refor\u00e7o: N\u00e3o aplic\u00e1vel.<\/li>\n<li>Cobertura: lisa (enfaixada), de borracha preta resistente a \u00f3leo, abras\u00e3o, oz\u00f4nio e intemp\u00e9ries.<\/li>\n<\/ul>\n<p>&nbsp;<\/p>\n<p><a class=\"botaoDownload\" href=\"https:\/\/realflex.com.br\/sitenovo\/wp-content\/uploads\/2025\/03\/arquivo-teste.pdf\" target=\"_blank\" rel=\"noopener\"><span style=\"vertical-align: inherit;\">&gt;&gt; Ficha T\u00e9cnica<\/span><\/a><\/p>\n","protected":false},"excerpt":{"rendered":"<p>Produto indicado para garantir n\u00e3o s\u00f3 a seguran\u00e7a dos navios que &#8230; <\/p>\n","protected":false},"featured_media":3573,"comment_status":"open","ping_status":"closed","template":"","meta":{"pagelayer_contact_templates":[],"_pagelayer_content":""},"product_brand":[96],"product_cat":[88],"product_tag":[98,97],"class_list":{"0":"post-3423","1":"product","2":"type-product","3":"status-publish","4":"has-post-thumbnail","6":"product_brand-realflex","7":"product_cat-mangueiras-industriais","8":"product_tag-agua-ar","9":"product_tag-mangueiras-borracha","11":"first","12":"instock","13":"sold-individually","14":"shipping-taxable","15":"product-type-simple"},"_links":{"self":[{"href":"https:\/\/realflex.com.br\/sitenovo\/wp-json\/wp\/v2\/product\/3423","targetHints":{"allow":["GET"]}}],"collection":[{"href":"https:\/\/realflex.com.br\/sitenovo\/wp-json\/wp\/v2\/product"}],"about":[{"href":"https:\/\/realflex.com.br\/sitenovo\/wp-json\/wp\/v2\/types\/product"}],"replies":[{"embeddable":true,"href":"https:\/\/realflex.com.br\/sitenovo\/wp-json\/wp\/v2\/comments?post=3423"}],"wp:featuredmedia":[{"embeddable":true,"href":"https:\/\/realflex.com.br\/sitenovo\/wp-json\/wp\/v2\/media\/3573"}],"wp:attachment":[{"href":"https:\/\/realflex.com.br\/sitenovo\/wp-json\/wp\/v2\/media?parent=3423"}],"wp:term":[{"taxonomy":"product_brand","embeddable":true,"href":"https:\/\/realflex.com.br\/sitenovo\/wp-json\/wp\/v2\/product_brand?post=3423"},{"taxonomy":"product_cat","embeddable":true,"href":"https:\/\/realflex.com.br\/sitenovo\/wp-json\/wp\/v2\/product_cat?post=3423"},{"taxonomy":"product_tag","embeddable":true,"href":"https:\/\/realflex.com.br\/sitenovo\/wp-json\/wp\/v2\/product_tag?post=3423"}],"curies":[{"name":"wp","href":"https:\/\/api.w.org\/{rel}","templated":true}]}}