{"id":3424,"date":"2025-04-23T19:12:34","date_gmt":"2025-04-23T19:12:34","guid":{"rendered":"https:\/\/realflex.com.br\/sitenovo\/?post_type=product&#038;p=3424"},"modified":"2026-01-04T13:20:48","modified_gmt":"2026-01-04T13:20:48","slug":"anel-de-borracha","status":"publish","type":"product","link":"https:\/\/realflex.com.br\/sitenovo\/produto\/anel-de-borracha\/","title":{"rendered":"Anel de Borracha"},"content":{"rendered":"<p>Produto com alta resist\u00eancia a abras\u00e3o \u00e9 utilizado nos aros expansivos de m\u00e1quinas de recupera\u00e7\u00e3o de pneus e em outras aplica\u00e7\u00f5es.<\/p>\n<ul>\n<li>Tubo Interno: tubo de borracha sint\u00e9tica resistente a abras\u00e3o.<\/li>\n<li>Refor\u00e7o: N\u00e3o aplic\u00e1vel.<\/li>\n<li>Cobertura: N\u00e3o aplic\u00e1vel<\/li>\n<\/ul>\n<p>&nbsp;<\/p>\n<p><a class=\"botaoDownload\" href=\"https:\/\/realflex.com.br\/sitenovo\/wp-content\/uploads\/2025\/12\/DEFENSA-ANEL-TROMBA.pdf\" target=\"_blank\" rel=\"noopener\"><span style=\"vertical-align: inherit;\">&gt;&gt; Ficha T\u00e9cnica<\/span><\/a><\/p>\n","protected":false},"excerpt":{"rendered":"<p>Produto com alta resist\u00eancia a abras\u00e3o \u00e9 utilizado nos aros expansivos &#8230; <\/p>\n","protected":false},"featured_media":4036,"comment_status":"open","ping_status":"closed","template":"","meta":{"pagelayer_contact_templates":[],"_pagelayer_content":""},"product_brand":[96],"product_cat":[88],"product_tag":[98,97],"class_list":{"0":"post-3424","1":"product","2":"type-product","3":"status-publish","4":"has-post-thumbnail","6":"product_brand-realflex","7":"product_cat-mangueiras-industriais","8":"product_tag-agua-ar","9":"product_tag-mangueiras-borracha","11":"first","12":"instock","13":"sold-individually","14":"shipping-taxable","15":"product-type-simple"},"_links":{"self":[{"href":"https:\/\/realflex.com.br\/sitenovo\/wp-json\/wp\/v2\/product\/3424","targetHints":{"allow":["GET"]}}],"collection":[{"href":"https:\/\/realflex.com.br\/sitenovo\/wp-json\/wp\/v2\/product"}],"about":[{"href":"https:\/\/realflex.com.br\/sitenovo\/wp-json\/wp\/v2\/types\/product"}],"replies":[{"embeddable":true,"href":"https:\/\/realflex.com.br\/sitenovo\/wp-json\/wp\/v2\/comments?post=3424"}],"wp:featuredmedia":[{"embeddable":true,"href":"https:\/\/realflex.com.br\/sitenovo\/wp-json\/wp\/v2\/media\/4036"}],"wp:attachment":[{"href":"https:\/\/realflex.com.br\/sitenovo\/wp-json\/wp\/v2\/media?parent=3424"}],"wp:term":[{"taxonomy":"product_brand","embeddable":true,"href":"https:\/\/realflex.com.br\/sitenovo\/wp-json\/wp\/v2\/product_brand?post=3424"},{"taxonomy":"product_cat","embeddable":true,"href":"https:\/\/realflex.com.br\/sitenovo\/wp-json\/wp\/v2\/product_cat?post=3424"},{"taxonomy":"product_tag","embeddable":true,"href":"https:\/\/realflex.com.br\/sitenovo\/wp-json\/wp\/v2\/product_tag?post=3424"}],"curies":[{"name":"wp","href":"https:\/\/api.w.org\/{rel}","templated":true}]}}