{"id":3446,"date":"2025-07-21T21:14:42","date_gmt":"2025-07-21T21:14:42","guid":{"rendered":"https:\/\/realflex.com.br\/sitenovo\/?post_type=product&#038;p=3446"},"modified":"2026-01-04T12:48:30","modified_gmt":"2026-01-04T12:48:30","slug":"boca-de-forno-hd","status":"publish","type":"product","link":"https:\/\/realflex.com.br\/sitenovo\/produto\/boca-de-forno-hd\/","title":{"rendered":"Boca de Forno HD"},"content":{"rendered":"<p>Mangueira usada na boca do forno para refrigera\u00e7\u00e3o dos cabos el\u00e9tricos em fundi\u00e7\u00f5es, na ind\u00fastria de vidro e em servi\u00e7os onde \u00e9 necess\u00e1ria uma total isola\u00e7\u00e3o el\u00e9trica da mangueira, aliada a uma resist\u00eancia ao calor por irradia\u00e7\u00e3o, chama direta e respingos de materiais incandescentes.<\/p>\n<ul>\n<li>Tubo Interno: tubo de borracha sint\u00e9tica preta n\u00e3o condutiva (resist\u00eancia el\u00e9trica acima de 1000 MOhms<br \/>\nensaiada de acordo com ABNT NBR14967).<\/li>\n<li>Refor\u00e7o: fios t\u00eaxteis de alta resist\u00eancia.<\/li>\n<li>Cobertura: lisa de tecido Fiberglass vulcanizado, e borracha sint\u00e9tica laranja anti-chama com resist\u00eancia a<br \/>\ntemperatura externa m\u00e1xima de at\u00e9 5500C.<\/li>\n<\/ul>\n<p><img decoding=\"async\" class=\"alignnone size-full wp-image-4026\" src=\"data:image\/svg+xml,%3Csvg%20xmlns%3D&#39;http%3A%2F%2Fwww.w3.org%2F2000%2Fsvg&#39;%20width=&#39;290&#39;%20height=&#39;156&#39;%20viewBox%3D&#39;0%200%20290%20156&#39;%2F%3E\" data-czlz data-src=\"https:\/\/realflex.com.br\/sitenovo\/wp-content\/uploads\/2025\/07\/terminais-bocadeforno.jpg\" alt=\"\" width=\"290\" height=\"156\" \/><\/p>\n<p><a class=\"botaoDownload\" href=\"https:\/\/realflex.com.br\/sitenovo\/wp-content\/uploads\/2025\/12\/BOCA-DE-FORNO-HD.pdf\" target=\"_blank\" rel=\"noopener\"><span style=\"vertical-align: inherit;\">&gt;&gt; Ficha T\u00e9cnica<\/span><\/a><\/p>\n","protected":false},"excerpt":{"rendered":"<p>Mangueira usada na boca do forno para refrigera\u00e7\u00e3o dos cabos el\u00e9tricos &#8230; <\/p>\n","protected":false},"featured_media":3557,"comment_status":"open","ping_status":"closed","template":"","meta":{"pagelayer_contact_templates":[],"_pagelayer_content":""},"product_brand":[96],"product_cat":[88],"product_tag":[107],"class_list":{"0":"post-3446","1":"product","2":"type-product","3":"status-publish","4":"has-post-thumbnail","6":"product_brand-realflex","7":"product_cat-mangueiras-industriais","8":"product_tag-isolantes","10":"first","11":"instock","12":"sold-individually","13":"shipping-taxable","14":"product-type-simple"},"_links":{"self":[{"href":"https:\/\/realflex.com.br\/sitenovo\/wp-json\/wp\/v2\/product\/3446","targetHints":{"allow":["GET"]}}],"collection":[{"href":"https:\/\/realflex.com.br\/sitenovo\/wp-json\/wp\/v2\/product"}],"about":[{"href":"https:\/\/realflex.com.br\/sitenovo\/wp-json\/wp\/v2\/types\/product"}],"replies":[{"embeddable":true,"href":"https:\/\/realflex.com.br\/sitenovo\/wp-json\/wp\/v2\/comments?post=3446"}],"wp:featuredmedia":[{"embeddable":true,"href":"https:\/\/realflex.com.br\/sitenovo\/wp-json\/wp\/v2\/media\/3557"}],"wp:attachment":[{"href":"https:\/\/realflex.com.br\/sitenovo\/wp-json\/wp\/v2\/media?parent=3446"}],"wp:term":[{"taxonomy":"product_brand","embeddable":true,"href":"https:\/\/realflex.com.br\/sitenovo\/wp-json\/wp\/v2\/product_brand?post=3446"},{"taxonomy":"product_cat","embeddable":true,"href":"https:\/\/realflex.com.br\/sitenovo\/wp-json\/wp\/v2\/product_cat?post=3446"},{"taxonomy":"product_tag","embeddable":true,"href":"https:\/\/realflex.com.br\/sitenovo\/wp-json\/wp\/v2\/product_tag?post=3446"}],"curies":[{"name":"wp","href":"https:\/\/api.w.org\/{rel}","templated":true}]}}