{"id":3447,"date":"2025-07-22T18:17:35","date_gmt":"2025-07-22T18:17:35","guid":{"rendered":"https:\/\/realflex.com.br\/sitenovo\/?post_type=product&#038;p=3447"},"modified":"2025-12-17T21:06:54","modified_gmt":"2025-12-17T21:06:54","slug":"ct-quimiflex","status":"publish","type":"product","link":"https:\/\/realflex.com.br\/sitenovo\/produto\/ct-quimiflex\/","title":{"rendered":"CT Quimiflex"},"content":{"rendered":"<p>Indicada para suc\u00e7\u00e3o leve e descarga de produtos qu\u00edmicos em reservat\u00f3rios , descarga de caminh\u00f5es tanque e vag\u00f5es.<br \/>\nProduto extremamente leve, flex\u00edvel e de f\u00e1cil manuseio.<\/p>\n<p>Comercializada com bocais.<\/p>\n<p>Refor\u00e7o: fios t\u00eaxteis de alta resist\u00eancia, com arame espiral e fio anti-est\u00e1tico de cobre intercalados.<br \/>\nTubo Interno: tubo de borracha sint\u00e9tica preta especial com resist\u00eancia a produtos qu\u00edmicos de acordo com informa\u00e7\u00f5es (obrigat\u00f3rias) de concentra\u00e7\u00e3o e temperatura do flu\u00eddo.<br \/>\nCobertura: corrugada (tipo enrolada) de borracha preta resistente \u00e0 abras\u00e3o, intemp\u00e9ries e faixa roxa.<\/p>\n<p><img decoding=\"async\" class=\"alignnone size-full wp-image-3963\" src=\"data:image\/svg+xml,%3Csvg%20xmlns%3D&#39;http%3A%2F%2Fwww.w3.org%2F2000%2Fsvg&#39;%20width=&#39;290&#39;%20height=&#39;156&#39;%20viewBox%3D&#39;0%200%20290%20156&#39;%2F%3E\" data-czlz data-src=\"https:\/\/realflex.com.br\/sitenovo\/wp-content\/uploads\/2025\/07\/terminais-ct-quimiflex.jpg\" alt=\"\" width=\"290\" height=\"156\" \/><\/p>\n<p><a class=\"botaoDownload\" href=\"https:\/\/realflex.com.br\/sitenovo\/wp-content\/uploads\/2025\/03\/arquivo-teste.pdf\" target=\"_blank\" rel=\"noopener\"><span style=\"vertical-align: inherit;\">&gt;&gt; Ficha T\u00e9cnica<\/span><\/a><\/p>\n","protected":false},"excerpt":{"rendered":"<p>Indicada para suc\u00e7\u00e3o leve e descarga de produtos qu\u00edmicos em reservat\u00f3rios &#8230; <\/p>\n","protected":false},"featured_media":3937,"comment_status":"open","ping_status":"closed","template":"","meta":{"pagelayer_contact_templates":[],"_pagelayer_content":""},"product_brand":[96],"product_cat":[88],"product_tag":[108],"class_list":{"0":"post-3447","1":"product","2":"type-product","3":"status-publish","4":"has-post-thumbnail","6":"product_brand-realflex","7":"product_cat-mangueiras-industriais","8":"product_tag-produtos-quimicos","10":"first","11":"instock","12":"sold-individually","13":"shipping-taxable","14":"product-type-simple"},"_links":{"self":[{"href":"https:\/\/realflex.com.br\/sitenovo\/wp-json\/wp\/v2\/product\/3447","targetHints":{"allow":["GET"]}}],"collection":[{"href":"https:\/\/realflex.com.br\/sitenovo\/wp-json\/wp\/v2\/product"}],"about":[{"href":"https:\/\/realflex.com.br\/sitenovo\/wp-json\/wp\/v2\/types\/product"}],"replies":[{"embeddable":true,"href":"https:\/\/realflex.com.br\/sitenovo\/wp-json\/wp\/v2\/comments?post=3447"}],"wp:featuredmedia":[{"embeddable":true,"href":"https:\/\/realflex.com.br\/sitenovo\/wp-json\/wp\/v2\/media\/3937"}],"wp:attachment":[{"href":"https:\/\/realflex.com.br\/sitenovo\/wp-json\/wp\/v2\/media?parent=3447"}],"wp:term":[{"taxonomy":"product_brand","embeddable":true,"href":"https:\/\/realflex.com.br\/sitenovo\/wp-json\/wp\/v2\/product_brand?post=3447"},{"taxonomy":"product_cat","embeddable":true,"href":"https:\/\/realflex.com.br\/sitenovo\/wp-json\/wp\/v2\/product_cat?post=3447"},{"taxonomy":"product_tag","embeddable":true,"href":"https:\/\/realflex.com.br\/sitenovo\/wp-json\/wp\/v2\/product_tag?post=3447"}],"curies":[{"name":"wp","href":"https:\/\/api.w.org\/{rel}","templated":true}]}}