{"id":3500,"date":"2025-08-15T10:59:53","date_gmt":"2025-08-15T10:59:53","guid":{"rendered":"https:\/\/realflex.com.br\/sitenovo\/?post_type=product&#038;p=3500"},"modified":"2026-01-04T03:19:47","modified_gmt":"2026-01-04T03:19:47","slug":"curva-mineralflex-hd","status":"publish","type":"product","link":"https:\/\/realflex.com.br\/sitenovo\/produto\/curva-mineralflex-hd\/","title":{"rendered":"Curva Mineralflex HD"},"content":{"rendered":"<p>Curva utilizada em minas e plantas de beneficiamento de min\u00e9rios, devido a sua alta resist\u00eancia a abras\u00e3o e baixo coeficiente de atrito.<\/p>\n<p>Curva utilizada em minas e plantas de beneficiamento de min\u00e9rios, devido a sua alta resist\u00eancia a abras\u00e3o e<br \/>\nbaixo coeficiente de atrito. Substitui com vantagens as curvas met\u00e1licas, pois tem uma vida \u00fatil prolongada<br \/>\ne diminui a perda de carga localizada, servindo ainda como conex\u00e3o antivibrat\u00f3ria. Dispon\u00edveis somente<br \/>\ncom terminais full-face. OBS: Valores da tabela abaixo considerando \u00e2ngulo 90 graus e raio longo. Pode ser<br \/>\nfabricado com outras configura\u00e7\u00f5es de \u00e2ngulo e raio, conforme especifica\u00e7\u00e3o do cliente.<\/p>\n<ul>\n<li>Tubo Interno: tubo de borracha natural com alta resist\u00eancia a abras\u00e3o e rasgamento.<\/li>\n<li>Refor\u00e7o: fios t\u00eaxteis de alta resist\u00eancia, com espiral de a\u00e7o mola intercalada.<\/li>\n<li>Cobertura: lisa (enfaixada), de borracha preta resistente a abras\u00e3o, intemp\u00e9ries, oz\u00f4nio, \u00e1gua salgada e raios ultravioleta.<\/li>\n<\/ul>\n<p><img decoding=\"async\" class=\"alignnone size-full wp-image-4004\" src=\"data:image\/svg+xml,%3Csvg%20xmlns%3D&#39;http%3A%2F%2Fwww.w3.org%2F2000%2Fsvg&#39;%20width=&#39;290&#39;%20height=&#39;156&#39;%20viewBox%3D&#39;0%200%20290%20156&#39;%2F%3E\" data-czlz data-src=\"https:\/\/realflex.com.br\/sitenovo\/wp-content\/uploads\/2025\/08\/terminais-mineralflex.jpg\" alt=\"\" width=\"290\" height=\"156\" \/><\/p>\n<p><a class=\"botaoDownload\" href=\"https:\/\/realflex.com.br\/sitenovo\/wp-content\/uploads\/2025\/12\/CURVA-MINERAL-FLEX.pdf\" target=\"_blank\" rel=\"noopener\"><span style=\"vertical-align: inherit;\">&gt;&gt; Ficha T\u00e9cnica<\/span><\/a><\/p>\n","protected":false},"excerpt":{"rendered":"<p>Curva utilizada em minas e plantas de beneficiamento de min\u00e9rios, devido &#8230; <\/p>\n","protected":false},"featured_media":3575,"comment_status":"open","ping_status":"closed","template":"","meta":{"pagelayer_contact_templates":[],"_pagelayer_content":""},"product_brand":[96],"product_cat":[88],"product_tag":[112],"class_list":{"0":"post-3500","1":"product","2":"type-product","3":"status-publish","4":"has-post-thumbnail","6":"product_brand-realflex","7":"product_cat-mangueiras-industriais","8":"product_tag-abrasivos","10":"first","11":"instock","12":"sold-individually","13":"shipping-taxable","14":"product-type-simple"},"_links":{"self":[{"href":"https:\/\/realflex.com.br\/sitenovo\/wp-json\/wp\/v2\/product\/3500","targetHints":{"allow":["GET"]}}],"collection":[{"href":"https:\/\/realflex.com.br\/sitenovo\/wp-json\/wp\/v2\/product"}],"about":[{"href":"https:\/\/realflex.com.br\/sitenovo\/wp-json\/wp\/v2\/types\/product"}],"replies":[{"embeddable":true,"href":"https:\/\/realflex.com.br\/sitenovo\/wp-json\/wp\/v2\/comments?post=3500"}],"wp:featuredmedia":[{"embeddable":true,"href":"https:\/\/realflex.com.br\/sitenovo\/wp-json\/wp\/v2\/media\/3575"}],"wp:attachment":[{"href":"https:\/\/realflex.com.br\/sitenovo\/wp-json\/wp\/v2\/media?parent=3500"}],"wp:term":[{"taxonomy":"product_brand","embeddable":true,"href":"https:\/\/realflex.com.br\/sitenovo\/wp-json\/wp\/v2\/product_brand?post=3500"},{"taxonomy":"product_cat","embeddable":true,"href":"https:\/\/realflex.com.br\/sitenovo\/wp-json\/wp\/v2\/product_cat?post=3500"},{"taxonomy":"product_tag","embeddable":true,"href":"https:\/\/realflex.com.br\/sitenovo\/wp-json\/wp\/v2\/product_tag?post=3500"}],"curies":[{"name":"wp","href":"https:\/\/api.w.org\/{rel}","templated":true}]}}